{"id":416,"date":"2020-09-15T06:49:03","date_gmt":"2020-09-15T06:49:03","guid":{"rendered":"https:\/\/chiro-sante.fr\/index.php\/contact\/"},"modified":"2026-01-24T20:04:48","modified_gmt":"2026-01-24T20:04:48","slug":"contact","status":"publish","type":"page","link":"https:\/\/chiro-sante.fr\/index.php\/contact\/","title":{"rendered":"Contact"},"content":{"rendered":"\n<div class=\"wp-block-uagb-container uagb-block-69281440 alignfull uagb-is-root-container\"><div class=\"uagb-container-inner-blocks-wrap\">\n<div class=\"wp-block-uagb-advanced-heading uagb-block-8a8e4971\"><h1 class=\"uagb-heading-text\">Me joindre<\/h1><\/div>\n<\/div><\/div>\n\n\n\n<div class=\"wp-block-uagb-container uagb-block-2cd26a49 alignfull uagb-is-root-container\"><div class=\"uagb-container-inner-blocks-wrap\">\n<div class=\"wp-block-uagb-container uagb-block-61bdbc5e\">\n<div class=\"wp-block-uagb-advanced-heading uagb-block-43ef7e7c\"><h2 class=\"uagb-heading-text\">Information de Contact<\/h2><\/div>\n\n\n\n<div class=\"wp-block-uagb-advanced-heading uagb-block-a3759fe6\"><h5 class=\"uagb-heading-text\"><strong>Adresse<\/strong><\/h5><p class=\"uagb-desc-text\">7 rue de Chazelles 75017 Paris<\/p><\/div>\n\n\n\n<div class=\"wp-block-uagb-advanced-heading uagb-block-35ed9632\"><h5 class=\"uagb-heading-text\"><strong>T\u00e9l\u00e9phone<\/strong><\/h5><p class=\"uagb-desc-text\">06 62 20 26 81  <\/p><\/div>\n\n\n\n<div class=\"wp-block-uagb-advanced-heading uagb-block-94af0e67\"><h5 class=\"uagb-heading-text\"><strong>Email<\/strong><\/h5><p class=\"uagb-desc-text\">ania.bellahsenedc@gmail.com<\/p><\/div>\n\n\n\n<div class=\"wp-block-uagb-buttons uagb-buttons__outer-wrap uagb-btn__default-btn uagb-btn-tablet__default-btn uagb-btn-mobile__default-btn uagb-block-656145e4\"><div class=\"uagb-buttons__wrap uagb-buttons-layout-wrap\">\n<div class=\"wp-block-uagb-buttons-child uagb-buttons__outer-wrap uagb-block-e3f2adc5 wp-block-button\"><div class=\"uagb-button__wrapper\"><a class=\"uagb-buttons-repeater wp-block-button__link has-text-color\" href=\"#\" rel=\"follow noopener\" target=\"_self\"><div class=\"uagb-button__link\">R\u00e9servez votre rendez-vous<\/div><\/a><\/div><\/div>\n<\/div><\/div>\n<\/div>\n\n\n\n<div class=\"wp-block-uagb-container uagb-block-9d533d54\">\n<div class=\"wp-block-uagb-advanced-heading uagb-block-385f32d1\"><h2 class=\"uagb-heading-text\">Pour vous rendre \u00e0 votre consultation :<\/h2><\/div>\n\n\n\n<p>M\u00e9tro Courcelles <\/p>\n\n\n\n<p><\/p>\n\n\n\n<p><\/p>\n\n\n\n<h2 class=\"wp-block-heading\"><strong>Ou envoyez moi votre message ici !<\/strong><\/h2>\n\n\n<div class=\"wpforms-container \" id=\"wpforms-6\"><form id=\"wpforms-form-6\" class=\"wpforms-validate wpforms-form\" data-formid=\"6\" method=\"post\" enctype=\"multipart\/form-data\" action=\"\/index.php\/wp-json\/wp\/v2\/pages\/416\" data-token=\"7fc9d0e52fa2d7baa8ab1fbc150e06e7\"><noscript class=\"wpforms-error-noscript\">Please enable JavaScript in your browser to complete this form.<\/noscript><div class=\"wpforms-field-container\"><div id=\"wpforms-6-field_0-container\" class=\"wpforms-field wpforms-field-name\" data-field-id=\"0\"><label class=\"wpforms-field-label wpforms-label-hide\" for=\"wpforms-6-field_0\">Nom <span class=\"wpforms-required-label\">*<\/span><\/label><input type=\"text\" id=\"wpforms-6-field_0\" class=\"wpforms-field-large wpforms-field-required\" name=\"wpforms[fields][0]\" placeholder=\"Votre nom et pr\u00e9nom\" required><\/div><div id=\"wpforms-6-field_1-container\" class=\"wpforms-field wpforms-field-email\" data-field-id=\"1\"><label class=\"wpforms-field-label wpforms-label-hide\" for=\"wpforms-6-field_1\">Email <span class=\"wpforms-required-label\">*<\/span><\/label><input type=\"email\" id=\"wpforms-6-field_1\" class=\"wpforms-field-large wpforms-field-required\" name=\"wpforms[fields][1]\" placeholder=\"Votre adresse email\" required><\/div><div id=\"wpforms-6-field_2-container\" class=\"wpforms-field wpforms-field-textarea\" data-field-id=\"2\"><label class=\"wpforms-field-label wpforms-label-hide\" for=\"wpforms-6-field_2\">Message <span class=\"wpforms-required-label\">*<\/span><\/label><textarea id=\"wpforms-6-field_2\" class=\"wpforms-field-medium wpforms-field-required\" name=\"wpforms[fields][2]\" placeholder=\"Votre message\" required><\/textarea><\/div><\/div><div class=\"wpforms-field wpforms-field-hp\"><label for=\"wpforms-6-field-hp\" class=\"wpforms-field-label\">Name<\/label><input type=\"text\" name=\"wpforms[hp]\" id=\"wpforms-6-field-hp\" class=\"wpforms-field-medium\"><\/div><div class=\"wpforms-submit-container\"><input type=\"hidden\" name=\"wpforms[id]\" value=\"6\"><input type=\"hidden\" name=\"wpforms[author]\" value=\"1\"><button type=\"submit\" name=\"wpforms[submit]\" id=\"wpforms-submit-6\" class=\"wpforms-submit\" data-alt-text=\"En cours d&#039;envoi...\" data-submit-text=\"Envoyer\" aria-live=\"assertive\" value=\"wpforms-submit\">Envoyer<\/button><\/div><\/form><\/div>  <!-- .wpforms-container --><\/div>\n<\/div><\/div>\n","protected":false},"excerpt":{"rendered":"","protected":false},"author":1,"featured_media":0,"parent":0,"menu_order":0,"comment_status":"closed","ping_status":"closed","template":"","meta":{"om_disable_all_campaigns":false,"_uag_custom_page_level_css":"","_monsterinsights_skip_tracking":false,"_monsterinsights_sitenote_active":false,"_monsterinsights_sitenote_note":"","_monsterinsights_sitenote_category":0,"site-sidebar-layout":"no-sidebar","site-content-layout":"plain-container","ast-global-header-display":"","ast-main-header-display":"","ast-hfb-above-header-display":"","ast-hfb-below-header-display":"","ast-hfb-mobile-header-display":"","site-post-title":"disabled","ast-breadcrumbs-content":"","ast-featured-img":"","footer-sml-layout":"","theme-transparent-header-meta":"enabled","adv-header-id-meta":"","stick-header-meta":"","header-above-stick-meta":"","header-main-stick-meta":"","header-below-stick-meta":"","footnotes":""},"class_list":["post-416","page","type-page","status-publish","hentry"],"aioseo_notices":[],"yoast_head":"<!-- This site is optimized with the Yoast SEO plugin v19.13 - https:\/\/yoast.com\/wordpress\/plugins\/seo\/ -->\n<title>Contact - Ania Bellahsene Chiropracteur %<\/title>\n<meta name=\"description\" content=\"Envoyez votre message ou contactez Ania Bellahsene via t\u00e9l\u00e9phone au 06 62 20 26 81 ou par mail \u00e0 ania.bellahsenedc@gmail.com.\" \/>\n<meta name=\"robots\" content=\"index, follow, max-snippet:-1, max-image-preview:large, max-video-preview:-1\" \/>\n<link rel=\"canonical\" href=\"https:\/\/chiro-sante.fr\/index.php\/contact\/\" \/>\n<meta property=\"og:locale\" content=\"en_US\" \/>\n<meta property=\"og:type\" content=\"article\" \/>\n<meta property=\"og:title\" content=\"Contact - Ania Bellahsene Chiropracteur %\" \/>\n<meta property=\"og:description\" content=\"Envoyez votre message ou contactez Ania Bellahsene via t\u00e9l\u00e9phone au 06 62 20 26 81 ou par mail \u00e0 ania.bellahsenedc@gmail.com.\" \/>\n<meta property=\"og:url\" content=\"https:\/\/chiro-sante.fr\/index.php\/contact\/\" \/>\n<meta property=\"og:site_name\" content=\"Ania Chiropracteur\" \/>\n<meta property=\"article:modified_time\" content=\"2026-01-24T20:04:48+00:00\" \/>\n<meta name=\"twitter:card\" content=\"summary_large_image\" \/>\n<meta name=\"twitter:label1\" content=\"Est. reading time\" \/>\n\t<meta name=\"twitter:data1\" content=\"1 minute\" \/>\n<script type=\"application\/ld+json\" class=\"yoast-schema-graph\">{\"@context\":\"https:\/\/schema.org\",\"@graph\":[{\"@type\":\"WebPage\",\"@id\":\"https:\/\/chiro-sante.fr\/index.php\/contact\/\",\"url\":\"https:\/\/chiro-sante.fr\/index.php\/contact\/\",\"name\":\"Contact - Ania Bellahsene Chiropracteur %\",\"isPartOf\":{\"@id\":\"https:\/\/chiro-sante.fr\/#website\"},\"datePublished\":\"2020-09-15T06:49:03+00:00\",\"dateModified\":\"2026-01-24T20:04:48+00:00\",\"description\":\"Envoyez votre message ou contactez Ania Bellahsene via t\u00e9l\u00e9phone au 06 62 20 26 81 ou par mail \u00e0 ania.bellahsenedc@gmail.com.\",\"breadcrumb\":{\"@id\":\"https:\/\/chiro-sante.fr\/index.php\/contact\/#breadcrumb\"},\"inLanguage\":\"en-US\",\"potentialAction\":[{\"@type\":\"ReadAction\",\"target\":[\"https:\/\/chiro-sante.fr\/index.php\/contact\/\"]}]},{\"@type\":\"BreadcrumbList\",\"@id\":\"https:\/\/chiro-sante.fr\/index.php\/contact\/#breadcrumb\",\"itemListElement\":[{\"@type\":\"ListItem\",\"position\":1,\"name\":\"Home\",\"item\":\"https:\/\/chiro-sante.fr\/\"},{\"@type\":\"ListItem\",\"position\":2,\"name\":\"Contact\"}]},{\"@type\":\"WebSite\",\"@id\":\"https:\/\/chiro-sante.fr\/#website\",\"url\":\"https:\/\/chiro-sante.fr\/\",\"name\":\"Ania Bellahsene Chiropracteur\",\"description\":\"\",\"publisher\":{\"@id\":\"https:\/\/chiro-sante.fr\/#\/schema\/person\/00264e18df89c8f9678eb74ad735b979\"},\"potentialAction\":[{\"@type\":\"SearchAction\",\"target\":{\"@type\":\"EntryPoint\",\"urlTemplate\":\"https:\/\/chiro-sante.fr\/?s={search_term_string}\"},\"query-input\":\"required name=search_term_string\"}],\"inLanguage\":\"en-US\"},{\"@type\":[\"Person\",\"Organization\"],\"@id\":\"https:\/\/chiro-sante.fr\/#\/schema\/person\/00264e18df89c8f9678eb74ad735b979\",\"name\":\"ania.bellahsenedc\",\"image\":{\"@type\":\"ImageObject\",\"inLanguage\":\"en-US\",\"@id\":\"https:\/\/chiro-sante.fr\/#\/schema\/person\/image\/\",\"url\":\"https:\/\/chiro-sante.fr\/wp-content\/uploads\/2022\/12\/cropped-Chiro-Logo.jpg\",\"contentUrl\":\"https:\/\/chiro-sante.fr\/wp-content\/uploads\/2022\/12\/cropped-Chiro-Logo.jpg\",\"width\":1220,\"height\":571,\"caption\":\"ania.bellahsenedc\"},\"logo\":{\"@id\":\"https:\/\/chiro-sante.fr\/#\/schema\/person\/image\/\"},\"sameAs\":[\"https:\/\/chiro-sante.fr\"]}]}<\/script>\n<!-- \/ Yoast SEO plugin. -->","yoast_head_json":{"title":"Contact - Ania Bellahsene Chiropracteur %","description":"Envoyez votre message ou contactez Ania Bellahsene via t\u00e9l\u00e9phone au 06 62 20 26 81 ou par mail \u00e0 ania.bellahsenedc@gmail.com.","robots":{"index":"index","follow":"follow","max-snippet":"max-snippet:-1","max-image-preview":"max-image-preview:large","max-video-preview":"max-video-preview:-1"},"canonical":"https:\/\/chiro-sante.fr\/index.php\/contact\/","og_locale":"en_US","og_type":"article","og_title":"Contact - Ania Bellahsene Chiropracteur %","og_description":"Envoyez votre message ou contactez Ania Bellahsene via t\u00e9l\u00e9phone au 06 62 20 26 81 ou par mail \u00e0 ania.bellahsenedc@gmail.com.","og_url":"https:\/\/chiro-sante.fr\/index.php\/contact\/","og_site_name":"Ania Chiropracteur","article_modified_time":"2026-01-24T20:04:48+00:00","twitter_card":"summary_large_image","twitter_misc":{"Est. reading time":"1 minute"},"schema":{"@context":"https:\/\/schema.org","@graph":[{"@type":"WebPage","@id":"https:\/\/chiro-sante.fr\/index.php\/contact\/","url":"https:\/\/chiro-sante.fr\/index.php\/contact\/","name":"Contact - Ania Bellahsene Chiropracteur %","isPartOf":{"@id":"https:\/\/chiro-sante.fr\/#website"},"datePublished":"2020-09-15T06:49:03+00:00","dateModified":"2026-01-24T20:04:48+00:00","description":"Envoyez votre message ou contactez Ania Bellahsene via t\u00e9l\u00e9phone au 06 62 20 26 81 ou par mail \u00e0 ania.bellahsenedc@gmail.com.","breadcrumb":{"@id":"https:\/\/chiro-sante.fr\/index.php\/contact\/#breadcrumb"},"inLanguage":"en-US","potentialAction":[{"@type":"ReadAction","target":["https:\/\/chiro-sante.fr\/index.php\/contact\/"]}]},{"@type":"BreadcrumbList","@id":"https:\/\/chiro-sante.fr\/index.php\/contact\/#breadcrumb","itemListElement":[{"@type":"ListItem","position":1,"name":"Home","item":"https:\/\/chiro-sante.fr\/"},{"@type":"ListItem","position":2,"name":"Contact"}]},{"@type":"WebSite","@id":"https:\/\/chiro-sante.fr\/#website","url":"https:\/\/chiro-sante.fr\/","name":"Ania Bellahsene Chiropracteur","description":"","publisher":{"@id":"https:\/\/chiro-sante.fr\/#\/schema\/person\/00264e18df89c8f9678eb74ad735b979"},"potentialAction":[{"@type":"SearchAction","target":{"@type":"EntryPoint","urlTemplate":"https:\/\/chiro-sante.fr\/?s={search_term_string}"},"query-input":"required name=search_term_string"}],"inLanguage":"en-US"},{"@type":["Person","Organization"],"@id":"https:\/\/chiro-sante.fr\/#\/schema\/person\/00264e18df89c8f9678eb74ad735b979","name":"ania.bellahsenedc","image":{"@type":"ImageObject","inLanguage":"en-US","@id":"https:\/\/chiro-sante.fr\/#\/schema\/person\/image\/","url":"https:\/\/chiro-sante.fr\/wp-content\/uploads\/2022\/12\/cropped-Chiro-Logo.jpg","contentUrl":"https:\/\/chiro-sante.fr\/wp-content\/uploads\/2022\/12\/cropped-Chiro-Logo.jpg","width":1220,"height":571,"caption":"ania.bellahsenedc"},"logo":{"@id":"https:\/\/chiro-sante.fr\/#\/schema\/person\/image\/"},"sameAs":["https:\/\/chiro-sante.fr"]}]}},"uagb_featured_image_src":{"full":false,"thumbnail":false,"medium":false,"medium_large":false,"large":false,"1536x1536":false,"2048x2048":false},"uagb_author_info":{"display_name":"ania.bellahsenedc","author_link":"https:\/\/chiro-sante.fr\/index.php\/author\/ania-bellahsenedc\/"},"uagb_comment_info":0,"uagb_excerpt":null,"_links":{"self":[{"href":"https:\/\/chiro-sante.fr\/index.php\/wp-json\/wp\/v2\/pages\/416","targetHints":{"allow":["GET"]}}],"collection":[{"href":"https:\/\/chiro-sante.fr\/index.php\/wp-json\/wp\/v2\/pages"}],"about":[{"href":"https:\/\/chiro-sante.fr\/index.php\/wp-json\/wp\/v2\/types\/page"}],"author":[{"embeddable":true,"href":"https:\/\/chiro-sante.fr\/index.php\/wp-json\/wp\/v2\/users\/1"}],"replies":[{"embeddable":true,"href":"https:\/\/chiro-sante.fr\/index.php\/wp-json\/wp\/v2\/comments?post=416"}],"version-history":[{"count":20,"href":"https:\/\/chiro-sante.fr\/index.php\/wp-json\/wp\/v2\/pages\/416\/revisions"}],"predecessor-version":[{"id":1206,"href":"https:\/\/chiro-sante.fr\/index.php\/wp-json\/wp\/v2\/pages\/416\/revisions\/1206"}],"wp:attachment":[{"href":"https:\/\/chiro-sante.fr\/index.php\/wp-json\/wp\/v2\/media?parent=416"}],"curies":[{"name":"wp","href":"https:\/\/api.w.org\/{rel}","templated":true}]}}