{"id":413,"date":"2020-09-15T06:48:29","date_gmt":"2020-09-15T06:48:29","guid":{"rendered":"https:\/\/chiro-sante.fr\/index.php\/about\/"},"modified":"2023-02-13T16:16:15","modified_gmt":"2023-02-13T16:16:15","slug":"la-chiropractie","status":"publish","type":"page","link":"https:\/\/chiro-sante.fr\/index.php\/la-chiropractie\/","title":{"rendered":"La Chiropractie"},"content":{"rendered":"\n<div class=\"wp-block-uagb-container uagb-block-dfe79e87 alignfull uagb-is-root-container\"><div class=\"uagb-container-inner-blocks-wrap\">\n<div class=\"wp-block-uagb-advanced-heading uagb-block-4331f327\"><h2 class=\"uagb-heading-text\">La Chiropractie<\/h2><\/div>\n<\/div><\/div>\n\n\n\n<div class=\"wp-block-uagb-container uagb-block-8285152f alignfull uagb-is-root-container\"><div class=\"uagb-container-inner-blocks-wrap\">\n<div class=\"wp-block-uagb-container uagb-block-bbb7ea24\">\n<div class=\"wp-block-uagb-advanced-heading uagb-block-2a7b81b8\"><h2 class=\"uagb-heading-text\">Qu&#8217;est-ce que la Chiropractie ?<\/h2><div class=\"uagb-separator\"><\/div><p class=\"uagb-desc-text\">La chiropractie, ou chiropraxie, est une m\u00e9decine douce visant la lib\u00e9ration des nerfs ainsi que le r\u00e9\u00e9quilibrage des subluxations vert\u00e9brales. <\/p><\/div>\n<\/div>\n\n\n\n<div class=\"wp-block-uagb-container uagb-block-876ff0ce\">\n<div class=\"wp-block-uagb-image uagb-block-b7c7bcf7 wp-block-uagb-image--layout-default wp-block-uagb-image--effect-static wp-block-uagb-image--align-none\"><figure class=\"wp-block-uagb-image__figure\"><img decoding=\"async\" srcset=\"https:\/\/chiro-sante.fr\/wp-content\/uploads\/2022\/12\/massage-masseur-spa-4944146-1024x683.jpg \" src=\"https:\/\/chiro-sante.fr\/wp-content\/uploads\/2022\/12\/massage-masseur-spa-4944146-1024x683.jpg\" alt=\"massage, masseur, spa-4944146.jpg\" class=\"uag-image-689\" width=\"1024\" height=\"683\" title=\"\" loading=\"lazy\"\/><\/figure><\/div>\n<\/div>\n<\/div><\/div>\n\n\n\n<div class=\"wp-block-uagb-container uagb-block-d96e72dd alignfull uagb-is-root-container\"><div class=\"uagb-container-inner-blocks-wrap\">\n<div class=\"wp-block-uagb-container uagb-block-abca901e\">\n<div class=\"inherit-container-width wp-block-group is-layout-constrained wp-block-group-is-layout-constrained\" style=\"padding-bottom:13rem\"><div class=\"wp-block-group__inner-container\">\n<div class=\"wp-block-uagb-advanced-heading uagb-block-445ef057\"><h4 class=\"uagb-heading-text\">La chiropraxie : d\u00e9finition<\/h4><div class=\"uagb-separator\"><\/div><\/div>\n\n\n\n<p>Selon l\u2019Organisation Mondiale de la Sant\u00e9 (OMS), la chiropraxie est une profession de sant\u00e9 qui s\u2019int\u00e9resse au diagnostic, au traitement et \u00e0 la pr\u00e9vention des d\u00e9sordres du syst\u00e8me neuro-musculo- squelettique.<\/p>\n\n\n\n<p>La pratique centre son approche sur une vue <em>panoramique <\/em>du patient, soit sur son \u00e9tat de sant\u00e9 g\u00e9n\u00e9ral. Les traitements et techniques manuels permettent des ajustements articulaires, avec une attention particuli\u00e8re sur la subluxation.<\/p>\n\n\n\n<p>Elle soigne les dysfonctionnements qui se traduisent le plus souvent par des douleurs prononc\u00e9es ou des limitations de mouvements. La chiropractie se soucie \u00e9galement des muscles et des articulations p\u00e9riph\u00e9riques.<\/p>\n\n\n\n<p>Opter pour la chiropractie, c\u2019est choisir une r\u00e9ponse naturelle, non-m\u00e9dicamenteuse tant pr\u00e9ventive que curative.<\/p>\n<\/div><\/div>\n<\/div>\n\n\n\n<div class=\"wp-block-uagb-container uagb-block-80f4b2e4\">\n<div class=\"wp-block-uagb-advanced-heading uagb-block-b89faef0\"><h4 class=\"uagb-heading-text\">La chiropraxie, une philosophie ou Corps, \u00e2me et esprit se rejoignent<\/h4><div class=\"uagb-separator\"><\/div><\/div>\n\n\n\n<p style=\"padding-top:0px;padding-bottom:0rem\">Gr\u00e2ce aux capacit\u00e9s d\u2019auto-gu\u00e9rison du corps, la chiropractie permet le maintien d\u2019un \u00e9tat de sant\u00e9 optimal. En faisant ressortir des relations existantes entre les troubles de sant\u00e9, la colonne vert\u00e9brale et le syst\u00e8me nerveux, elle place les facult\u00e9s de r\u00e9cup\u00e9ration du corps au premier plan.  On parle alors d\u2019approche holistique.<\/p>\n\n\n\n<div class=\"wp-block-uagb-advanced-heading uagb-block-f1d3f314\"><h4 class=\"uagb-heading-text\">L&#8221;approche holistique<\/h4><div class=\"uagb-separator\"><\/div><\/div>\n\n\n\n<p>Du grec <em>holos <\/em>(signifiant la totalit\u00e9, l\u2019entier), le concept d\u2019holisme (courant vitaliste) consiste \u00e0 prendre en compte la personne dans sa globalit\u00e9, plut\u00f4t que de la consid\u00e9rer de mani\u00e8re morcel\u00e9e. S\u2019inspirant de la m\u00e9decine traditionnelle orientale, l\u2019approche holistique tient compte de toutes les dimensions de l\u2019\u00eatre humain. Qu\u2019elles soient physiques, mentales, \u00e9motionnelles, spirituelles, sociales, familiales, ou culturelles.<br><br>Dans le cadre donc d\u2019une approche de bien-\u00eatre, le praticien prend en consid\u00e9ration l\u2019ensemble des aspects de la vie de son patient. <em>De facto<\/em>, ce dernier est pens\u00e9 de mani\u00e8re collective au sein de la soci\u00e9t\u00e9.<\/p>\n<\/div>\n<\/div><\/div>\n\n\n\n<div class=\"wp-block-uagb-container uagb-block-261bd705 alignfull uagb-is-root-container\"><div class=\"uagb-container-inner-blocks-wrap\">\n<div class=\"wp-block-uagb-container uagb-block-376ac773\">\n<div class=\"inherit-container-width wp-block-group is-layout-constrained wp-block-group-is-layout-constrained\"><div class=\"wp-block-group__inner-container\">\n<div class=\"wp-block-uagb-advanced-heading uagb-block-4df40cf4\"><h4 class=\"uagb-heading-text\">Votre chiropracteur :<\/h4><div class=\"uagb-separator\"><\/div><\/div>\n\n\n\n<p>La chiropraxie est la premi\u00e8re profession de sante manuelle dans le monde.<\/p>\n\n\n\n<p>Praticien de premier contact, le chiropracteur ne n\u00e9glige jamais le fait d\u2019adresser ses patients \u00e0 d\u2019autres prestataires de soins et ce, \u00e0 chaque fois que cela est n\u00e9cessaire.<\/p>\n\n\n\n<p>Il est un sp\u00e9cialiste du syst\u00e8me nerveux et est reconnue par l\u2019OMS et le minist\u00e8re de la Sant\u00e9.<\/p>\n\n\n\n<p>La profession est reconnue en France et au niveau international tant par les autorit\u00e9s de sant\u00e9, que par la communaut\u00e9 m\u00e9dicale. La seule profession de sant\u00e9 pour laquelle la formation est standardis\u00e9e au niveau mondial avec un niveau d\u2019exigence sup\u00e9rieur \u00e0 celui de la loi fran\u00e7aise<\/p>\n\n\n\n<p>La formation est de haut niveau universitaire : 6 ann\u00e9es d\u2019\u00e9tudes, \u00e0 temps complet.<\/p>\n\n\n\n<p>Proche des deux premiers cycles d\u2019\u00e9tude m\u00e9dicale, une garantie de comp\u00e9tence, de s\u00e9rieux et d\u2019efficacit\u00e9 pour les patients. L\u2019acad\u00e9mie nationale de m\u00e9decine souligne dans un rapport sur les th\u00e9rapies compl\u00e9mentaires, la qualit\u00e9 de la formation dispens\u00e9e par l\u2019Institut franco-europ\u00e9en de chiropraxie qui est pr\u00e9sent\u00e9e comme \u00ab identique aux \u00e9coles de m\u00e9decine \u00bb<\/p>\n<\/div><\/div>\n<\/div>\n\n\n\n<div class=\"wp-block-uagb-container uagb-block-c27cb469\">\n<div class=\"wp-block-uagb-image uagb-block-a13a7f38 wp-block-uagb-image--layout-default wp-block-uagb-image--effect-static wp-block-uagb-image--align-none\"><figure class=\"wp-block-uagb-image__figure\"><img decoding=\"async\" srcset=\"https:\/\/chiro-sante.fr\/wp-content\/uploads\/2022\/12\/radiographie.webp \" src=\"https:\/\/chiro-sante.fr\/wp-content\/uploads\/2022\/12\/radiographie.webp\" alt=\"\" class=\"uag-image-560\" width=\"490\" height=\"569\" title=\"\" loading=\"lazy\"\/><\/figure><\/div>\n<\/div>\n<\/div><\/div>\n","protected":false},"excerpt":{"rendered":"","protected":false},"author":1,"featured_media":537,"parent":0,"menu_order":0,"comment_status":"closed","ping_status":"closed","template":"","meta":{"om_disable_all_campaigns":false,"_uag_custom_page_level_css":"","_monsterinsights_skip_tracking":false,"_monsterinsights_sitenote_active":false,"_monsterinsights_sitenote_note":"","_monsterinsights_sitenote_category":0,"site-sidebar-layout":"no-sidebar","site-content-layout":"plain-container","ast-global-header-display":"","ast-main-header-display":"","ast-hfb-above-header-display":"","ast-hfb-below-header-display":"","ast-hfb-mobile-header-display":"","site-post-title":"disabled","ast-breadcrumbs-content":"","ast-featured-img":"disabled","footer-sml-layout":"","theme-transparent-header-meta":"enabled","adv-header-id-meta":"","stick-header-meta":"","header-above-stick-meta":"","header-main-stick-meta":"","header-below-stick-meta":"","footnotes":""},"class_list":["post-413","page","type-page","status-publish","has-post-thumbnail","hentry"],"aioseo_notices":[],"yoast_head":"<!-- This site is optimized with the Yoast SEO plugin v19.13 - https:\/\/yoast.com\/wordpress\/plugins\/seo\/ -->\n<title>La Chiropractie - Qu&#039;est-ce c&#039;est ?<\/title>\n<meta name=\"description\" content=\"La chiropractie, ou chiropraxie, est une m\u00e9decine douce visant la lib\u00e9ration des nerfs ainsi que le r\u00e9\u00e9quilibrage des subluxations vert\u00e9brales.\" \/>\n<meta name=\"robots\" content=\"index, follow, max-snippet:-1, max-image-preview:large, max-video-preview:-1\" \/>\n<link rel=\"canonical\" href=\"https:\/\/chiro-sante.fr\/index.php\/la-chiropractie\/\" \/>\n<meta property=\"og:locale\" content=\"en_US\" \/>\n<meta property=\"og:type\" content=\"article\" \/>\n<meta property=\"og:title\" content=\"La Chiropractie - Qu&#039;est-ce c&#039;est ?\" \/>\n<meta property=\"og:description\" content=\"La chiropractie, ou chiropraxie, est une m\u00e9decine douce visant la lib\u00e9ration des nerfs ainsi que le r\u00e9\u00e9quilibrage des subluxations vert\u00e9brales.\" \/>\n<meta property=\"og:url\" content=\"https:\/\/chiro-sante.fr\/index.php\/la-chiropractie\/\" \/>\n<meta property=\"og:site_name\" content=\"Ania Chiropracteur\" \/>\n<meta property=\"article:modified_time\" content=\"2023-02-13T16:16:15+00:00\" \/>\n<meta property=\"og:image\" content=\"https:\/\/chiro-sante.fr\/wp-content\/uploads\/2022\/12\/feng-shui-stones-coast-1960783.jpg\" \/>\n\t<meta property=\"og:image:width\" content=\"1280\" \/>\n\t<meta property=\"og:image:height\" content=\"853\" \/>\n\t<meta property=\"og:image:type\" content=\"image\/jpeg\" \/>\n<meta name=\"twitter:card\" content=\"summary_large_image\" \/>\n<meta name=\"twitter:label1\" content=\"Est. reading time\" \/>\n\t<meta name=\"twitter:data1\" content=\"3 minutes\" \/>\n<script type=\"application\/ld+json\" class=\"yoast-schema-graph\">{\"@context\":\"https:\/\/schema.org\",\"@graph\":[{\"@type\":\"WebPage\",\"@id\":\"https:\/\/chiro-sante.fr\/index.php\/la-chiropractie\/\",\"url\":\"https:\/\/chiro-sante.fr\/index.php\/la-chiropractie\/\",\"name\":\"La Chiropractie - Qu'est-ce c'est ?\",\"isPartOf\":{\"@id\":\"https:\/\/chiro-sante.fr\/#website\"},\"datePublished\":\"2020-09-15T06:48:29+00:00\",\"dateModified\":\"2023-02-13T16:16:15+00:00\",\"description\":\"La chiropractie, ou chiropraxie, est une m\u00e9decine douce visant la lib\u00e9ration des nerfs ainsi que le r\u00e9\u00e9quilibrage des subluxations vert\u00e9brales.\",\"breadcrumb\":{\"@id\":\"https:\/\/chiro-sante.fr\/index.php\/la-chiropractie\/#breadcrumb\"},\"inLanguage\":\"en-US\",\"potentialAction\":[{\"@type\":\"ReadAction\",\"target\":[\"https:\/\/chiro-sante.fr\/index.php\/la-chiropractie\/\"]}]},{\"@type\":\"BreadcrumbList\",\"@id\":\"https:\/\/chiro-sante.fr\/index.php\/la-chiropractie\/#breadcrumb\",\"itemListElement\":[{\"@type\":\"ListItem\",\"position\":1,\"name\":\"Home\",\"item\":\"https:\/\/chiro-sante.fr\/\"},{\"@type\":\"ListItem\",\"position\":2,\"name\":\"La Chiropractie\"}]},{\"@type\":\"WebSite\",\"@id\":\"https:\/\/chiro-sante.fr\/#website\",\"url\":\"https:\/\/chiro-sante.fr\/\",\"name\":\"Ania Bellahsene Chiropracteur\",\"description\":\"\",\"publisher\":{\"@id\":\"https:\/\/chiro-sante.fr\/#\/schema\/person\/00264e18df89c8f9678eb74ad735b979\"},\"potentialAction\":[{\"@type\":\"SearchAction\",\"target\":{\"@type\":\"EntryPoint\",\"urlTemplate\":\"https:\/\/chiro-sante.fr\/?s={search_term_string}\"},\"query-input\":\"required name=search_term_string\"}],\"inLanguage\":\"en-US\"},{\"@type\":[\"Person\",\"Organization\"],\"@id\":\"https:\/\/chiro-sante.fr\/#\/schema\/person\/00264e18df89c8f9678eb74ad735b979\",\"name\":\"ania.bellahsenedc\",\"image\":{\"@type\":\"ImageObject\",\"inLanguage\":\"en-US\",\"@id\":\"https:\/\/chiro-sante.fr\/#\/schema\/person\/image\/\",\"url\":\"https:\/\/chiro-sante.fr\/wp-content\/uploads\/2022\/12\/cropped-Chiro-Logo.jpg\",\"contentUrl\":\"https:\/\/chiro-sante.fr\/wp-content\/uploads\/2022\/12\/cropped-Chiro-Logo.jpg\",\"width\":1220,\"height\":571,\"caption\":\"ania.bellahsenedc\"},\"logo\":{\"@id\":\"https:\/\/chiro-sante.fr\/#\/schema\/person\/image\/\"},\"sameAs\":[\"https:\/\/chiro-sante.fr\"]}]}<\/script>\n<!-- \/ Yoast SEO plugin. -->","yoast_head_json":{"title":"La Chiropractie - Qu'est-ce c'est ?","description":"La chiropractie, ou chiropraxie, est une m\u00e9decine douce visant la lib\u00e9ration des nerfs ainsi que le r\u00e9\u00e9quilibrage des subluxations vert\u00e9brales.","robots":{"index":"index","follow":"follow","max-snippet":"max-snippet:-1","max-image-preview":"max-image-preview:large","max-video-preview":"max-video-preview:-1"},"canonical":"https:\/\/chiro-sante.fr\/index.php\/la-chiropractie\/","og_locale":"en_US","og_type":"article","og_title":"La Chiropractie - Qu'est-ce c'est ?","og_description":"La chiropractie, ou chiropraxie, est une m\u00e9decine douce visant la lib\u00e9ration des nerfs ainsi que le r\u00e9\u00e9quilibrage des subluxations vert\u00e9brales.","og_url":"https:\/\/chiro-sante.fr\/index.php\/la-chiropractie\/","og_site_name":"Ania Chiropracteur","article_modified_time":"2023-02-13T16:16:15+00:00","og_image":[{"width":1280,"height":853,"url":"https:\/\/chiro-sante.fr\/wp-content\/uploads\/2022\/12\/feng-shui-stones-coast-1960783.jpg","type":"image\/jpeg"}],"twitter_card":"summary_large_image","twitter_misc":{"Est. reading time":"3 minutes"},"schema":{"@context":"https:\/\/schema.org","@graph":[{"@type":"WebPage","@id":"https:\/\/chiro-sante.fr\/index.php\/la-chiropractie\/","url":"https:\/\/chiro-sante.fr\/index.php\/la-chiropractie\/","name":"La Chiropractie - Qu'est-ce c'est ?","isPartOf":{"@id":"https:\/\/chiro-sante.fr\/#website"},"datePublished":"2020-09-15T06:48:29+00:00","dateModified":"2023-02-13T16:16:15+00:00","description":"La chiropractie, ou chiropraxie, est une m\u00e9decine douce visant la lib\u00e9ration des nerfs ainsi que le r\u00e9\u00e9quilibrage des subluxations vert\u00e9brales.","breadcrumb":{"@id":"https:\/\/chiro-sante.fr\/index.php\/la-chiropractie\/#breadcrumb"},"inLanguage":"en-US","potentialAction":[{"@type":"ReadAction","target":["https:\/\/chiro-sante.fr\/index.php\/la-chiropractie\/"]}]},{"@type":"BreadcrumbList","@id":"https:\/\/chiro-sante.fr\/index.php\/la-chiropractie\/#breadcrumb","itemListElement":[{"@type":"ListItem","position":1,"name":"Home","item":"https:\/\/chiro-sante.fr\/"},{"@type":"ListItem","position":2,"name":"La Chiropractie"}]},{"@type":"WebSite","@id":"https:\/\/chiro-sante.fr\/#website","url":"https:\/\/chiro-sante.fr\/","name":"Ania Bellahsene Chiropracteur","description":"","publisher":{"@id":"https:\/\/chiro-sante.fr\/#\/schema\/person\/00264e18df89c8f9678eb74ad735b979"},"potentialAction":[{"@type":"SearchAction","target":{"@type":"EntryPoint","urlTemplate":"https:\/\/chiro-sante.fr\/?s={search_term_string}"},"query-input":"required name=search_term_string"}],"inLanguage":"en-US"},{"@type":["Person","Organization"],"@id":"https:\/\/chiro-sante.fr\/#\/schema\/person\/00264e18df89c8f9678eb74ad735b979","name":"ania.bellahsenedc","image":{"@type":"ImageObject","inLanguage":"en-US","@id":"https:\/\/chiro-sante.fr\/#\/schema\/person\/image\/","url":"https:\/\/chiro-sante.fr\/wp-content\/uploads\/2022\/12\/cropped-Chiro-Logo.jpg","contentUrl":"https:\/\/chiro-sante.fr\/wp-content\/uploads\/2022\/12\/cropped-Chiro-Logo.jpg","width":1220,"height":571,"caption":"ania.bellahsenedc"},"logo":{"@id":"https:\/\/chiro-sante.fr\/#\/schema\/person\/image\/"},"sameAs":["https:\/\/chiro-sante.fr"]}]}},"uagb_featured_image_src":{"full":["https:\/\/chiro-sante.fr\/wp-content\/uploads\/2022\/12\/feng-shui-stones-coast-1960783.jpg",1280,853,false],"thumbnail":["https:\/\/chiro-sante.fr\/wp-content\/uploads\/2022\/12\/feng-shui-stones-coast-1960783-150x150.jpg",150,150,true],"medium":["https:\/\/chiro-sante.fr\/wp-content\/uploads\/2022\/12\/feng-shui-stones-coast-1960783-300x200.jpg",300,200,true],"medium_large":["https:\/\/chiro-sante.fr\/wp-content\/uploads\/2022\/12\/feng-shui-stones-coast-1960783-768x512.jpg",768,512,true],"large":["https:\/\/chiro-sante.fr\/wp-content\/uploads\/2022\/12\/feng-shui-stones-coast-1960783-1024x682.jpg",1024,682,true],"1536x1536":["https:\/\/chiro-sante.fr\/wp-content\/uploads\/2022\/12\/feng-shui-stones-coast-1960783.jpg",1280,853,false],"2048x2048":["https:\/\/chiro-sante.fr\/wp-content\/uploads\/2022\/12\/feng-shui-stones-coast-1960783.jpg",1280,853,false]},"uagb_author_info":{"display_name":"ania.bellahsenedc","author_link":"https:\/\/chiro-sante.fr\/index.php\/author\/ania-bellahsenedc\/"},"uagb_comment_info":0,"uagb_excerpt":null,"_links":{"self":[{"href":"https:\/\/chiro-sante.fr\/index.php\/wp-json\/wp\/v2\/pages\/413","targetHints":{"allow":["GET"]}}],"collection":[{"href":"https:\/\/chiro-sante.fr\/index.php\/wp-json\/wp\/v2\/pages"}],"about":[{"href":"https:\/\/chiro-sante.fr\/index.php\/wp-json\/wp\/v2\/types\/page"}],"author":[{"embeddable":true,"href":"https:\/\/chiro-sante.fr\/index.php\/wp-json\/wp\/v2\/users\/1"}],"replies":[{"embeddable":true,"href":"https:\/\/chiro-sante.fr\/index.php\/wp-json\/wp\/v2\/comments?post=413"}],"version-history":[{"count":40,"href":"https:\/\/chiro-sante.fr\/index.php\/wp-json\/wp\/v2\/pages\/413\/revisions"}],"predecessor-version":[{"id":1170,"href":"https:\/\/chiro-sante.fr\/index.php\/wp-json\/wp\/v2\/pages\/413\/revisions\/1170"}],"wp:featuredmedia":[{"embeddable":true,"href":"https:\/\/chiro-sante.fr\/index.php\/wp-json\/wp\/v2\/media\/537"}],"wp:attachment":[{"href":"https:\/\/chiro-sante.fr\/index.php\/wp-json\/wp\/v2\/media?parent=413"}],"curies":[{"name":"wp","href":"https:\/\/api.w.org\/{rel}","templated":true}]}}